aluate -19 + 228 + -129 - (-27 + 0).
107
Calculate -72 + (150 - -71) - 71.
78
What is the value of 1 - (-54 - -66 - -12)?
-23
Evaluate 2 - (-20 + 67 - 10).
-35
What is the value of 18 + 0 - (-1946 + 1915 - (-2 + 39))?
86
4 - 10 - (58 - 47 - (13 + 0 + 2))
-2
Calculate -3 - -50 - (6 + -2 - (-19 - (-3 - 24))).
51
Evaluate (-4 - -61 - 38) + 38.
57
Evaluate -6245 - -6206 - ((0 - (0 + -1)) + 2).
-42
-1 + 36 - (31 + (-44 + 32 - 34))
50
What is the value of (8 - (-3 + 20)) + 56 + -48?
-1
What is 7 + -1 + -2 + 28 + 27 + -25?
34
39 + 0 - (-8 - -8 - 6 - -4 - -12)
29
What is the value of -23 - (-41 - (21 + -10 + -8))?
21
(-21 - (-61 - -32)) + -19
-11
Evaluate (49 - 0) + (-23 + 36 - (14 - (-3 - 7))).
38
-78 - 0 - (18 + 1 - 48 - -15)
-64
Calculate (35 - 4) + 29 - 40.
20
(26 + 95 - 117) + (1 - -15)
20
Evaluate -16 + (-25 - -17) + 16 - -21.
13
-57 - ((-19 + (13 - -1) - -3) + -5)
-50
Evaluate 34 - (4 + 24) - (2 - (-58 + (1 - 3))).
-56
What is -13 + (41 + -50 - 27)?
-49
Calculate (48 - 29) + (-6 - -8 - (-9 + -1 - -4)).
27
Calculate (-3 - 33) + -38 + -42 + 71.
-45
What is 57 - (-8 + -36 - -92)?
9
What is the value of 1 + 89 - (642 + -568)?
16
What is the value of 120 - 104 - (98 - 26 - 8)?
-48
What is 3 + -49 + 32 + -4?
-18
19 + -1 + 10 + -42 - -48
34
What is the value of -13 + 25 + 7 + -13 + -8 + 0?
-2
What is the value of 8 + -10 + 49 - (-7 - -13)?
41
Evaluate 1 + -3 - (-21 + (44 - (20 - -3))).
-2
Calculate -496 + 514 + (-36 - 1) + -20 + 42.
3
What is the value of -10 - -11 - ((-14 - -6 - (-3 - 10)) + 67)?
-71
(106 - 51) + 2 + (2 - -1)
60
Calculate 2 + 7 + (-5 - 3) + -69 + 25.
-43
30 - -112 - ((12 - (21 + -23)) + (1 - 1))
128
Calculate -5 + -21 + (7 - 1) + 18 + 10 + -23.
-15
What is -12 + (6 + -9 - (0 - 57))?
42
What is -12 + 91 + (-1 - -2) + (-269 - -265)?
76
What is the value of 0 + (29 - (5 - -6 - -20))?
-2
Evaluate (-13 - -23) + 6 + (-14 - 31 - (-2 - -11)).
-38
What is 1 + 79 - (-25 + (-44 - -72) + (3 - 2))?
76
(46 - (36 + -79)) + -1 + -4 + 2
86
Calculate (-15 - -3 - (-8 - (10 - 16) - 7)) + 103.
100
What is the value of -132 + 66 - (-16 - 11)?
-39
Calculate -51 + 2 + 28 + (-142 - -115) + (1 - 1).
-48
Evaluate -21 + 7 - ((10 - 30) + -1).
7
Calculate 37 + -63 + 74 + -48.
0
Evaluate (-13 - (1 + -1)) + (-62 - ((-25 - -58) + -40)).
-68
Calculate -11 + (-2 - -61) + (-66 - -80).
62
What is 36 + -49 + 39 + 0?
26
599 + -573 + (-5 - 45)
-24
What is (27 - 37) + -13 + 3?
-20
What is -36 + 17 + -3 + -9 + 12?
-19
Calculate (-2 - 6) + (-65 + -2 - -84).
9
What is (13 - 15) + 27 - 53 - -27?
-1
55 - (10 - -45) - 32
-32
Calculate 37 + 16 - (-11 + 8 - (-13 + 18) - -5).
56
(-49 - (24 + -23 + -3)) + 11
-36
Calculate (-20 - -105 - 31 - 38) + -2 + 87.
101
What is (48 - (-7 + 57 + -2)) + 19 + (1 - 0)?
20
What is -13 - (35 - ((-67 - -61) + 7 + 1))?
-46
Calculate (14 - 27) + 113 - 58.
42
Calculate (18 - 0) + (-8 - -12) + (0 - 3).
19
-61 - (9 - 99 - -85)
-56
(1096 - 1105) + (-22 - -2 - -3)
-26
Calculate 25 - 16 - (1 + 1) - (-1329 + 1343).
-7
Calculate 24 - (2 - -29) - (-1 - 0) - (5 + 34).
-45
What is the value of 20 + 2 - (-25 + (-16 - -18) + 5)?
40
What is (-5 - -22) + (5 - 10) - (23 - -15)?
-26
Calculate 3 - (12 + -1) - (32 - (38 - -30)).
28
Evaluate -2 + 9 + (0 - 0) + 6258 + -6293.
-28
What is the value of 9 - -77 - ((21 - 14) + -1 + -4)?
84
What is 18 - (29 - (-29 + (13 - 8)))?
-35
What is (33 - (8 - -11) - (-6 - -14)) + -70 + 3?
-61
What is the value of -1 + 9 - (198 + -204 + -20 + 76)?
-42
Evaluate 33 - (11 - 17) - (-2 + 4 - 7).
44
What is the value of 13 + -67 + (-65 - -44)?
-75
Evaluate (159 - (59 - -3)) + -18 + -2.
77
Evaluate -23 - -36 - (-22 - (-79 + 28)).
-16
(-2 - (82 - 0)) + (-19 - (-32 + 8))
-79
What is -43 - (53 + -39 - 36) - (88 + 0)?
-109
What is the value of (-9 - 126) + 11 - (-9 + -3)?
-112
76 - (-1 + -34 - (-1674 - -1634))
71
What is ((-9 - 18) + 6 - -2 - (10 + -20)) + 52?
43
145 + -171 + (4 - 1) + 7 - 12
-28
What is 12 + (-13 - -3) + (22 + -33 - -18)?
9
Calculate -3 + 4 + -2 + 9 - (-15 - -32 - -27).
-36
What is the value of 1 - (161 + -171 - (-52 + 0) - 13)?
-28
What is the value of 78 - (-12 - -35) - (-4 - 32)?
91
Evaluate 7 + 3 + (-48 - (9 - -7) - 12).
-66
Evaluate -4 + 26 + (7 + -15 - (-11 + 1)).
24
Calculate -1 + 16 - (113 + -250 + 111).
41
-27 - (2 + 8 - (3 - 1) - (-8 + 8))
-35
Evaluate -1 + 6 - (-24 + 36) - ((1 - -25) + -4).
-29
Evaluate 36 + -26 + 47 + -6.
51
What is the value of -6 + 17 + (-15 - -2) + 2 + 5 + 58?
63
4 + 81 - (-3 - (-4 - 2 - (35 + -27)))
74
What is (8 + -20 + -1 - -10) + 11?
8
What is 64 + -136 + -34 - -56?
-50
Evaluate 85 - (190 + -62 + -30).
-13
What is (22 - (42 - (13 - (-16 - -4)))) + -9 + 0?
-4
Evaluate 1 - (14 + -5 + (56 - 7 - (3 - -2))).
-52
Calculate (2 + 0 - 90) + -5004 + 5029.
-63
Evaluate 35 + 4 + -21 + -11 - 49.
-42
7 + -4 + 6 - (34 + (12 - 1) + 2)
-38
Evaluate -4 - 122 - (-22 + 2 + 26 + (5 - 4)).
-133
What is the value of 7 - (1 - (44 - 43))?
7
What is the value of (-38 + 8 - -15) + -48 + 16?
-47
What is the value of -1 + (-193 + 240 - (0 + -1 - (16 + -16)))?
47
What is 1 + 27 + -41 + -21 - -3?
-31
What is the value of -29 + 28 + (-24 - -7) - 8?
-26
Evaluate 14 + 1 - ((22 - 20) + -12 + -53).
78
What is the value of 9 + (0 - (2 + 4) - (67 - 46))?
-18
(35 - 54 - 96) + 105
-10
Evaluate -2 + 51 + (14 + 0 - (1 - -1)) + -22.
39
Evaluate 18 + -1 - ((157 - 226) + 96).
-10
Calculate (83 - 28) + 36 + -39 - 22.
30
-208 - -225 - (-42 - -5)
54
Evaluate (-6 + -13 + 10 + 6 - (-13 - -14)) + -2.
-6
13 + -27 + 18 + 17 + 68
89
Evaluate -19 - (-125 - -48 - -50) - (12 + (0 - -1)).
-5
What is the value of -122 + -7 + 137 + -81?
-73
Calculate (5 - -13) + -5 + -7 - (-1 + 25) - 11.
-29
7 - (-7 + 38) - -13 - (1 - -1 - -1)
-14
What is the value of -15532 + 15403 - (3 + 3 + -6 + -5)?
-124
What is (-35 - -3) + (-8 + 6 - -9) - 8?
-33
What is -4 + (2 - (-14 + 8 + -1 + 5) - 14)?
-14
What is the value of -17 - (-33 + 47 - 14 - (1 + (1 - 2)))?
-17
What is -87 + -8 - -21 - ((4 - (-2 - -11)) + -8)?
-61
What is -82 + 190 + -168 - (-13 + -1)?
-46
Calculate (41 + -22 - 6 - 15) + -5.
-7
What is the value of -62 - (-13 - (-1 - -1) - (-768 - -769))?
-48
Calculate (21 - 0) + -162 + 120.
-21
Calculate (3 - 17) + -89 + 61 + -36.
-78
Evaluate 11 + -7 + (-1 - -25) + (-44 - -31).
15
Calculate -149 + 255 - ((-5 - -32) + 7).
72
What is 7 - ((-24 - -102) + -96 + 38 + -1)?
-12
Evaluate (11 - ((42 - (16 - 11)) + -11)) + -13.
-28
What is (-79 - (73 - 111)) + (1 - (1 + 12))?
-53
What is the value of -7 - (-122 + -4 - (-18 - (1 - 23 - -8)))?
115
What is 36 - (25 - -25) - (4 - 2)?
-16
20 - (-9 - (-4 + 25 - 15))
35
What is (-67 - -102 - -15) + -9?
41
What is (-17 - (-5 + -16)) + -16 + -32?
-44
What is the value of 58 - -9 - (-23 - (-63 - -7))?
34
(-128 - (106 - 205)) + (0 - -26)
-3
Calculate 54 + -3 + 0 - (28 + (-55 - -14) + 20).
44
15 + 17 + -34 + (-20 - -3 - 0) + -5
-24
What is (0 + 4 - 32) + (31 - (43 + -21))?
-19
What is -72 + 33 + 80 - 70?
-29
Evaluate 1538 + -1529 - (-3 - (-2 + 3)).
13
Calculate -15 - -5 - (17 + -8 + -8) - -15.
4
-138 + (30 - (13 + -8) - (-179 - -180))
-114
What is the value of (5 + -14 - -15) + 35 - (-7 + 10)?
38
-51 - (-1 + -3 + 22 - (-1 + -4 + 15))
-59
What is (4011 - 3928) + (3 - 16)?
70
What is the value of -9 - (13 + -19 + -3 + 29)?
-29
What is the value of -219 - -106 - (0 + -132)?
19
Evaluate -55 + -299 - -282 - (0 + -1 - 17).
-54
Calculate (-228 - -113 - -65) + 1 + -11 + -1.
-61
What is the value of (-13 - (-14 - (12 + -9))) + (28 - -25)?
57
Calculate (0 - -2 - -10) + 47 + -75.
-16
What is 136 + -147 - (4 - 0) - (2 - -1 - 0)?
-18
What is -56 - ((39 - 83) + 5)?
-17
Calculate 178 + -159 - (-15 + 46).
-12
Calculate 20 + 45 + -34 + -49.
-18
Calculate (-44 - -13 - 55) + 77.
-9
What is the value of 6 + -3 + -2 + (11 + -12 + 4 - -29)?
33
What is the value of (-9 - -2) + -1 - (2 - 1) - (1686 - 1621)?
-74
What is the value of 84 - (-11 - ((-264 - -259) + 1 + (0 - 0)))?
91
What is (30178 - 30118) + (0 - -1 - (-1 - -2))?
60
Evaluate (-15 - ((12 - 7 - -1 - 1) + -8)) + -55.
-67
-2 + -6 + 3 + 36 + 44 + -38
37
What is the value of -31 + 31 + -4 - (-26 - 2) - (9 - 5)?
20
Evaluate -2 - (34 - 4) - (3 - 32).
-3
What is the value of (857 - 829 - (-1 - -122)) + -37?
-130
What is -21 + 21 - (-134 + -17 + 21)?
130
Calculate (-33 + 31 - ((-9 - -2) + 1)) + (-134 - -138).